0 - (-6)/15?
13
Let t be (-22 - 0) + (4 - 2). Let w(z) = 7*z - 3. Calculate the remainder when w(7) is divided by (72/(-30))/(3/t).
14
Let d be (-4)/(-1)*15/20. Suppose 3*n = -5*g + 12, -6 = 5*n - d*g - 26. Suppose 0 = n*p - 41 + 5. What is the remainder when p is divided by 5?
4
Suppose r - 78 = 2*l, 326 = 4*r + l - 2*l. Calculate the remainder when r is divided by 17.
14
Suppose -26*z = -23*z - 15. What is the remainder when 16 is divided by z?
1
Suppose f - 61 = -2*d, 0 = 5*d + 2*f - 4*f - 166. Suppose 7 = 5*g - 3. Suppose g*p = -0*p + d. Calculate the remainder when p is divided by 9.
7
Let l(c) = -c**2 + 3*c + 4. Let o be l(3). Suppose -o*q + 8 = 3*k - k, 3*q + 5*k + 8 = 0. What is the remainder when 11 is divided by q?
3
Let a = -39 + 66. Let u = -83 + 97. Calculate the remainder when a is divided by u.
13
Suppose 3*d - 14 = -2. Let b(v) = -v**3 - 6*v**2 - 6*v + 2. Let r be b(-5). Suppose -d*n + r = -1. What is the remainder when n is divided by 1?
0
Calculate the remainder when 56 is divided by (-1)/((-4)/(-8)) + 32.
26
Suppose -2*w = 4*d - 3*w - 87, 2*d - 51 = -w. What is the remainder when d is divided by 12?
11
Suppose -i - 34 = -3*i. Let s = 38 + 12. What is the remainder when s is divided by i?
16
Suppose -y - y = -x, -2*x = -8. What is the remainder when y is divided by 4*1/2 - 0?
0
Suppose 2*z + 5*u + 66 = 6*z, 4*z = -2*u + 80. Calculate the remainder when 87 is divided by z.
11
Let y = 0 + 1. Suppose -l + y = -15. Let v = -9 + l. Calculate the remainder when v is divided by 4.
3
Suppose 4*g = 4*q - 6*q + 12, -5*q + 38 = 2*g. Calculate the remainder when 28 is divided by q.
4
Let o(v) = -v**3 + 7*v**2 + 9*v + 6. Suppose 4*i - 5*i + 8 = 0. What is the remainder when 41 is divided by o(i)?
13
Let t(j) = -2*j + 35. What is the remainder when t(-23) is divided by 23?
12
Let u = -8 - -4. Calculate the remainder when (-5 - 89)*2/u is divided by 16.
15
Suppose -4*b - 42 = -5*p, 2*p + 2*p - 44 = 4*b. Let u = -8 - b. Suppose -u*d = -d - 76. What is the remainder when d is divided by 5?
4
Let w(h) = -h**3 - 2*h**2 + h - 3. Let q be w(-3). Let a be ((-96)/10)/((-6)/20). Suppose -q*s - s = -a. What is the remainder when 15 is divided by s?
7
Let j(o) = 2*o**2 + 9*o + 8. What is the remainder when 23 is divided by j(-5)?
10
Let s = 101 - 64. Let k = -31 - -44. What is the remainder when s is divided by k?
11
Suppose 5*k - 2*g - 35 = 0, k + 4*g = -k - 10. Suppose k*r - 52 = r. Calculate the remainder when 37 is divided by r.
11
Let d(q) = q**2 - q + 88. Suppose -2*h = -h. Let g be d(h). What is the remainder when g/9 - (-4)/18 is divided by 4?
2
Let g(u) = -5 - 7*u**2 + 1 + 2*u**3 + 7*u + 0. Calculate the remainder when g(4) is divided by (-7)/(-2)*(-4)/(-1).
12
Suppose -381 - 95 = -4*f. What is the remainder when f is divided by 41?
37
Let o be 24/9 - 8/12. Suppose -27 = -o*v + 111. What is the remainder when v is divided by 18?
15
Suppose -2*k + 3*p = 13, -p + 12 = -3*k + p. What is the remainder when (-225)/(-33) - k/11 is divided by 4?
3
Let c = -29 + 76. Calculate the remainder when c is divided by 12.
11
Let h(t) = t**2 + 7*t + 14. Let d be h(-7). Let z = 20 - d. Calculate the remainder when z is divided by 3.
0
Suppose -8*w + 5*w = -282. Calculate the remainder when w is divided by 24.
22
What is the remainder when ((-6)/(-4))/(10/200) is divided by 11?
8
Suppose -g = 3*g - 60. Let l(u) = 2*u**2 + 14*u - 8. Let z be l(-11). Let a = -37 + z. What is the remainder when a is divided by g?
13
Let f be 2*(3 - 285/(-6)). Suppose 0 = 5*m - f + 11. Calculate the remainder when m is divided by 7.
4
Let n(s) = 3*s**2 + 3*s - 5. What is the remainder when n(-3) is divided by 8?
5
Let t(h) = -h**3 + 5*h**2 + 8*h + 9. Calculate the remainder when 40 is divided by t(6).
19
Let j = 14 + -10. Suppose 4*x = 2*w + 2, 0 = -j*x - 3*w - 3. Suppose -4*g + 20 = x, -3*r + 4*g = r - 4. Calculate the remainder when 17 is divided by r.
5
Let d(p) = p**3 + 11*p**2 + 1. Let l be d(-11). Suppose -l + 48 = k. Calculate the remainder when k is divided by (-2 - -18)*(-1 - -2).
15
Let f(x) = -11*x - 7. Let i(k) = 5*k + 3. Let u(l) = 6*f(l) + 13*i(l). Suppose 4 = -5*p + 14. Calculate the remainder when p is divided by u(-4).
0
Let x(a) = 2*a**2 - 7*a - 2. Let l(q) = q**3 - 3*q**2 - 14*q + 1. Calculate the remainder when l(6) is divided by x(5).
12
Calculate the remainder when 56 is divided by (133/14)/((-3)/(-2) - 1).
18
Let p(i) = i**2 - 3*i - 7. Let g = -84 - -95. What is the remainder when p(7) is divided by g?
10
Let o = 0 - -25. Calculate the remainder when o is divided by 14.
11
Let k(s) = s**2 - 2*s - 3. Let o be k(-2). Suppose -3 = 3*t, o*z - t = -3*t + 43. What is the remainder when 17 is divided by z?
8
Let o(w) = -w - 2. Let q = 52 + -51. Calculate the remainder when o(-3) is divided by q.
0
Suppose 2*w = 78 + 120. Calculate the remainder when w is divided by 25.
24
Let c(m) = -m**2 - 10*m - 9. Let t be c(-8). Let b = t - -3. Calculate the remainder when 6*(-20)/(-6) - 1 is divided by b.
9
What is the remainder when (-1052)/(-20) + 2/5 is divided by 11?
9
Suppose -2*k + 19 = -7. Suppose 2*b = k - 9. Suppose 2 = 2*y - y. What is the remainder when b is divided by y?
0
Suppose -3*v = v + 16. Calculate the remainder when 12 is divided by 1 + v - (-88)/11.
2
Suppose m - 80 = 80. Suppose 5*w = 3*j + m, 5*w - 4*w = 3*j + 44. What is the remainder when w is divided by 10?
9
Suppose -b - 1 = -4*r, -3*b = -r + 3*r + 3. Let y = 761 + -750. Calculate the remainder when (-165)/(-4) - b/(-4) is divided by y.
8
Suppose -5*q + q = -2*h + 10, -16 = 5*q + h. Let j(t) = -6*t + 2. Let x be j(q). Suppose 3*l = -l + x. Calculate the remainder when 8 is divided by l.
3
Suppose 2 = n - 2. Suppose -f = -n*r - 6, -f + r = f - 5. Suppose 6 = f*w + 4. What is the remainder when 1 is divided by w?
0
Suppose -g + 52 = 4*s, 0 = s + 2*g - 6*g - 13. Calculate the remainder when s is divided by 5.
3
Let s(t) be the first derivative of -t**3/3 + 5*t**2/2 + 4*t - 1. Let v be s(5). Suppose 5*g - v*g = 10. Calculate the remainder when 18 is divided by g.
8
What is the remainder when 303*(5 - 2)/9 is divided by 13?
10
Let g(j) = j - 8. What is the remainder when 46 is divided by g(20)?
10
Calculate the remainder when 3 is divided by (-2)/(-9) + (-75)/(-27).
0
Let k(c) = 4*c**2 + 8*c + 11. What is the remainder when 85 is divided by k(-2)?
8
Suppose -2*l - 19 = -3*l. Calculate the remainder when 55 is divided by l.
17
Let m(u) = 5*u**2 + 2*u - 1. Let h be 3 - (1 + 1) - -9. Suppose 3*p + d = -d - 3, -5*p - 5*d - h = 0. Calculate the remainder when 10 is divided by m(p).
4
Let z = 12 + -11. What is the remainder when ((1 + 35)*z)/1 is divided by 19?
17
Suppose 3*w - h - 57 = 0, -w = -5*h + 4*h - 19. Calculate the remainder when 50 is divided by w.
12
Let q = 10 + 11. Let f(k) = 3*k**2 - 3*k. Let r be f(2). Let u = 34 + r. Calculate the remainder when u is divided by q.
19
What is the remainder when 48 is divided by (2 + -2 + -36)/(1 - 3)?
12
Suppose 4*h - 43 = 3*j, 2*h = -0*h - j + 19. Calculate the remainder when 17 is divided by h.
7
Suppose -w + 0*w - 5*p - 61 = 0, 5*w - 4*p + 247 = 0. What is the remainder when (4/3)/((-2)/w) is divided by 9?
7
Suppose 0 = -t - 3*t - 4, -37 = -a - 3*t. Let b(c) = c**2 + 24*c + 14. What is the remainder when a is divided by b(-24)?
12
Suppose -5*t + 3 + 2 = 0. Suppose 0 = -5*c + t + 9. Suppose -q = 4*z - 3 - 21, 4*q - 1 = 3*z. What is the remainder when z is divided by c?
1
Suppose -136 = -3*s + 38. Calculate the remainder when s is divided by -1 + -2 + 4 + 19.
18
Let m(c) = -c**2 - 12*c - 9. What is the remainder when 12 is divided by m(-11)?
0
Let m = 6 + -2. Suppose -y + m = -3. Let w = 38 + -20. What is the remainder when w is divided by y?
4
Suppose 2*k - 59 = -3*t - 13, 3*t = 5*k + 11. Calculate the remainder when 21 is divided by t.
9
Let z be (-1 + -3)*(-21)/12. Suppose 27 = 5*j + z. What is the remainder when j is divided by 2?
0
Suppose -5 + 15 = 2*h + 2*m, 4*h - 30 = -2*m. Let a = h - -20. Calculate the remainder when 88 is divided by a.
28
Let v = 99 - 55. Calculate the remainder when v is divided by 16.
12
Suppose 3*u - u - 26 = 0. Suppose -2*o + 51 = -u. Calculate the remainder when 93 is divided by o.
29
Let b(i) = 11*i. Let m be b(1). Let r = 